*b - 2*x**3 + 4*x**3 + 2*x**3 + 1. Determine r(1).
4
Let r(q) = 3*q + 3 - 6*q**2 - 4*q**2 - 11*q + 9*q**2. What is r(-6)?
15
Let r be 8/(-44) - 1*27/33. Let c be r - 4/2 - (6 + -4). Let x(k) = k + 3. Give x(c).
-2
Suppose 5*s + 3*a - 52 = a, 3*s = 2*a + 44. Suppose -2*g - 10*g = s. Let n(k) = -18*k**3 - k**2 - k. What is n(g)?
18
Let b(m) = 4*m**2 + 4*m + 1. Let h(g) = 11*g**2 + 11*g + 2. Let d(u) = 8*b(u) - 3*h(u). Determine d(0).
2
Suppose -22*z + 49 = -15*z. Let t(f) = -3*f - 10. What is t(z)?
-31
Let p(b) = b - 2. Suppose 5*r + 1 = 11. Suppose r*g + g + 30 = 0. Let s = 13 + g. Calculate p(s).
1
Let m(s) = -s + 9. Let o be 390/20*12/(-9). Let k = -26 - o. What is m(k)?
9
Suppose -26*g - 160 = -6*g. Let n(x) = -x**3 - 8*x**2 - 4*x. What is n(g)?
32
Let v(l) = -l**2 - 5*l - 6. Let x(c) be the first derivative of -c**2/2 + 9*c - 10. Let j be x(5). Suppose 3*i = j*g + 4, 5*g + 2*i + 36 = -2*i. Calculate v(g).
-2
Let q(r) = -r**3 + 5*r**2 + 5*r - 2. Suppose 2*x = -2*x. Suppose x = -7*f + 3*f + 24. What is q(f)?
-8
Suppose -2*r + 6 = 4*c, r + 2*r + 15 = 0. Let i(l) be the first derivative of -l**2 + 3*l - 18. Let p(q) = -6*q + 8. Let m(o) = 7*i(o) - 2*p(o). Calculate m(c).
-3
Let p(x) = x**3 - 8*x**2 - 11*x + 13. Suppose 5*m - 15 = -2*v + 26, 31 = 3*m - 2*v. Calculate p(m).
-5
Suppose 0 = 13*r - 7*r - 12. Suppose 2*z = -2*z - n + 9, 0 = r*z + 3*n - 7. Let h(s) = 4*s**2 - s - 1. Calculate h(z).
13
Let y(i) = -i**3 + 2*i. Let l = -731 - -729. What is y(l)?
4
Let z(d) = -d**2 - 3*d - 6. Let q(p) = 8 - 57*p**2 - 15 + 56*p**2 - 4*p. Let y(c) = 6*q(c) - 5*z(c). Determine y(-8).
-4
Let z(j) = -2*j + 1. Let y(a) = a - 1. Suppose 4*c - 10 = -5*l + 6, -3*l = 0. Suppose c*d + d = 2*w - 28, 0 = 4*d + w + 12. Let u be y(d). What is z(u)?
11
Let l(q) = q - 2. Let o(z) = -2*z. Let b(u) = 3*l(u) + 2*o(u). Give b(-5).
-1
Let c(o) = 4*o - 25. Let n be c(7). Let j(s) = 7 + 8*s**2 - s - 2*s + 0*s**3 - 5*s - s**n. Determine j(7).
0
Let m(r) be the third derivative of -5*r**4/8 - 205*r**2 - 1. Determine m(1).
-15
Let k(t) = -108*t - 865. Let o be k(-8). Let q(h) be the first derivative of -3*h**2/2 + h + 1. Calculate q(o).
4
Suppose 5*t - 6 - 9 = 0. Let l(f) be the first derivative of -4*f**2 + 8*f + 10. Let v(p) = -7*p + 7. Let o(d) = -6*l(d) + 7*v(d). Determine o(t).
-2
Suppose 0 = 2*x + i + i - 26, 4 = 4*i. Suppose 0 = 5*b + 4*h + 17, 0 = -4*b - 6*h + 2*h - x. Let z(o) = -o + 2. Determine z(b).
7
Let b be 6/9 - (-15)/(-9). Let c be (-9)/10 + b/10. Let o(s) = -s - 2. Let m(t) = t + 1. Let g(j) = -2*m(j) - o(j). What is g(c)?
1
Let s(m) = 2 + 5*m + 3*m**2 + 0 + 2*m**2 - 4*m**2. Calculate s(-5).
2
Let n(s) = -s - s + 21 - 18. Let r be ((-21)/(-35))/(2/(-10)). Calculate n(r).
9
Let u(v) = 3704*v**2 - v + 2*v + 3709*v**2 - 7417*v**2. Suppose 2*d = n - 6, -2*d - 5*n = -23 + 5. What is u(d)?
-5
Let m = -158 - -156. Let f(l) = -5*l**2 - 6*l - 6. Determine f(m).
-14
Let g(a) = a**3 - 4*a**2 - a - 7. Suppose 5*i + 395 = 420. What is g(i)?
13
Let n(m) = -m**3 - 7*m**2 + 9*m + 5. Let k = 74 - 82. Calculate n(k).
-3
Let r(c) = -c**2 - 14*c - 3. Let n be (-165)/12 + 3/(-12). Let h be r(n). Let f(p) = p + 6. Give f(h).
3
Let p be 4 + -1 + 2 + -5. Let o(u) = 6*u + p + u - 3*u - 2. Determine o(6).
22
Let g(w) = -7*w**2 + w + 7*w**2 + 0*w**2 - w**2 - 8. What is g(0)?
-8
Let b(m) = -2*m + 22. Let t(x) = 2*x**3 - 4*x**2 + 2*x + 3. Let p be t(2). Calculate b(p).
8
Suppose -10 = -442*s + 437*s. Let p(r) be the third derivative of -r**s + 0 - 2/3*r**3 - 1/8*r**4 + 0*r. Give p(-4).
8
Let o(d) = -10*d + 3. Let s(p) = p**2 - 2*p + 1. Let v(a) = o(a) - 5*s(a). What is v(2)?
-22
Let i(m) = m**3 - 4 + 8*m**2 + m**2 + 7*m**2 + 7*m - 24*m**2. Determine i(7).
-4
Suppose d - 15 + 3 = 0. Let f be -3*(-20)/d - 1. Let o(v) = v**2 - 3*v + 2. Calculate o(f).
6
Let a(g) be the second derivative of -g**4/12 + g**3 - g**2/2 - g. Suppose -20 = -3*i + 4*l + 15, -3*i - 10 = 5*l. Calculate a(i).
4
Let i(p) be the first derivative of -p**4/4 - 8*p**3/3 - 7*p**2/2 + 5*p - 1897. Let g = 26 - 16. Suppose 5*s - 3*s = c - g, 13 = s - 5*c. Calculate i(s).
5
Let z be (6/(-18))/(15/630). Let p(f) = f**3 + 14*f**2 + 4*f + 8. Give p(z).
-48
Let s(z) = z + 1. Let w(m) = -m**2 - 14*m - 14. Let y(r) = 3*s(r) + w(r). Let a be y(-10). Let o(n) = -2*n + 4*n + 1 - n + 10*n**2. Give o(a).
10
Let i(g) = -g**3 - 13*g**2 + 15*g + 8. Let a be 4*1 - (-77 + 95). Determine i(a).
-6
Let p(s) = 7*s + 21. Let u be p(-3). Let g(t) = -t**3 - t**2 - 6. Calculate g(u).
-6
Let z(m) = 6*m - 38. Let i be z(7). Let s(c) = 5 + 5 + c - i. Give s(0).
6
Let n(z) = -11*z - 8. Let j(g) = -5*g - 4. Suppose -4*o + 8 = -5*r, 5*o + 4*r + 46 = 15. Let w(i) = o*n(i) + 7*j(i). Calculate w(4).
-12
Let b(k) = -k + 2. Let f = 14 - 12. Suppose -f*s = -s - 2. Let m be 4/s + (4 - 1). Calculate b(m).
-3
Let g(u) = -3*u**2 - 4*u - 2 + u**3 + 2*u + 5*u**2. Let s be 0/((-4 - 0) + 3). Suppose 8 = -s*w - 4*w. Calculate g(w).
2
Let h(l) be the second derivative of 0 - 11*l + 0*l**2 + 2/3*l**3. What is h(-2)?
-8
Let b(n) be the second derivative of -5/6*n**3 - 5/2*n**2 + 0 - 10*n - 1/12*n**4. Give b(-4).
-1
Suppose -5 - 15 = 4*z. Let k(d) = -d**3 - d**2 - d. Let f(p) = 4*p**3 + 8*p**2 + 8*p + 5. Let x(q) = -f(q) - 3*k(q). What is x(z)?
20
Let y = -774 + 777. Let c(p) be the second derivative of -2/3*p**4 - 1/6*p**y - p - 1/2*p**2 + 0. Give c(-1).
-8
Let d(y) be the first derivative of y**4/4 - 7*y**3 + 19*y**2/2 - 4*y + 421. What is d(20)?
-24
Let z(g) = -5*g + 1. Let f(j) = -j + 1. Let i(w) = -4*w**2 - 4*w + 2. Let m(d) = -4*f(d) + i(d). Let q be m(-2). Let s = q - -20. Calculate z(s).
-9
Let q(n) = -n + 2. Let y(d) = -2*d + 3. Let a(p) = 7*q(p) - 4*y(p). Calculate a(-4).
-2
Let m be (1 - 2)/(6/(-30)). Suppose -5*d + m = -0. Suppose f - 2*o = -2*f, 0 = 5*f - 3*o - d. Let p(y) = -5*y + 3. Give p(f).
-7
Let q(i) be the third derivative of -i**4/4 + i**3/6 + i**2. Let v be (2/4)/(5 + (-77)/14). Determine q(v).
7
Let c(h) = -9*h**2 + 14*h**2 + h**3 - h - 2*h**3 - 4 - 9 - 14*h**2. What is c(-9)?
-4
Let m(z) = -z + 12. Let o(r) be the second derivative of -r**3/3 - 3*r**2 + 4*r. Let x be o(0). Let w(c) = -c**2 - 7*c. Let j be w(x). Determine m(j).
6
Suppose 3*l - 3*c = -6*c - 15, 2*c = -6. Let z(o) = -2*o**3 + 2191*o**2 - 2192*o**2 - 164*o + 166*o. Determine z(l).
8
Let d(p) = 1 - 3 + 0 - p + 1. Let x be d(-6). Let h(z) = -z**3 + 5*z**2 + z + 3. What is h(x)?
8
Let q(s) = 4*s**2 - 14*s + 3. Let z(c) = -3*c**2 + 9*c - 1. Let y(v) = 5*q(v) + 7*z(v). Give y(-6).
14
Let b(y) = -y + 1. Let x(p) = -p**2 + 15*p + 1. Let a(t) = -6*b(t) - x(t). Let l(j) be the first derivative of a(j). Let k = -3 - -10. Give l(k).
5
Let z(m) = -7*m + 6. Let u(k) = -2*k. Let w(a) = -3*u(a) + z(a). Give w(9).
-3
Let t(p) = -3 + 1 + 0 - p + 5*p**2 - 4*p**2. Give t(3).
4
Let g(f) = -f**3 + 14*f**2 + 17*f - 25. Let i be g(15). Suppose -19 - 16 = -i*m - 5*d, 2*m - 11 = -d. Let h(q) = 0*q**2 - q**3 + 5*q - q + 3*q**2. What is h(m)?
0
Let q(n) = -13 + 2 - 4 + 2 - n - 1. Determine q(-9).
-5
Let i(g) = 9*g**2 + 6*g - 6. Let b(z) = 7*z**2 + 6*z - 5. Let c(m) = -4*b(m) + 3*i(m). What is c(-9)?
-25
Let z(x) = x**2 + 7*x - 27. Let g be z(3). Let k(f) = -f**3 + f**2 + 3*f - 1. Determine k(g).
-10
Let z(q) = q**3 + 26*q**2 - 4*q - 15. Let c(m) = 6*m**3 + 164*m**2 - 25*m - 90. Let t(g) = 2*c(g) - 13*z(g). Determine t(-10).
-5
Let a be 3/((-5)/(80/(-12))). Suppose -d + 4 = -a*c - 3*d, 5*c + 5 = -4*d. Let n be ((-2)/1 + c)/1. Let m(t) = t**2 + 5*t + 4. Give m(n).
-2
Let q(k) = -k**3 + k + 5406*k**2 + 0*k**3 + 12 - 5416*k**2. Suppose 30 = -s - 5*w, -w = -s + 3*s + 24. What is q(s)?
2
Let w = -77 - -150. Suppose -7*f = w - 10. Let y(k) = -k**3 - 9*k**2 - 2. What is y(f)?
-2
Let q(d) = -d**2 - 21*d - 20. Let p be q(-1). Let i(k) = k + 36. Give i(p).
36
Let y = 4 + -6. Let l be 1/(1*y/2). Let q(b) = 5*b**2 - 4*b - 5. Let z(i) = i**2 + i + 1. Let v(x) = q(x) + 4*z(x). Calculate v(l).
8
Let y(u) = 2*u**2 + u - 1. Let a be y(-2). Let l(o) = -o**2 + 13*o - 3. Let d be l(12). Let g = d - a. Let n(i) = -3*i + 4. Give n(g).
-8
Let b(k) = 4*k - 2. Suppose 103 - 127 = 4*d. What is b(d)?
-26
Let w(h) = 11*h**3 + 5*h**2 - 9*h + 10. Let g(q) = 8*q**3 + 6*q**2 - 9*q + 9. Let t(c) = -4*g(c) + 3*w(c). Give t(8).
2
Let r(m) = -m**2 + 7